{"id":122,"date":"2022-12-05T23:07:37","date_gmt":"2022-12-05T22:07:37","guid":{"rendered":"http:\/\/mlynpol.pl\/?page_id=122"},"modified":"2022-12-06T01:50:11","modified_gmt":"2022-12-06T00:50:11","slug":"mlyny-do-kosci-kosciarka","status":"publish","type":"page","link":"http:\/\/mlynpol.pl\/index.php\/produkty\/mlyny-do-mielenia\/mlyny-do-kosci-kosciarka\/","title":{"rendered":"M\u0142yny do ko\u015bci (ko\u015bciarka)\u00a0"},"content":{"rendered":"\n<p>Ko\u015bciarka sk\u0142ada si\u0119 ze sto\u0142u w kszta\u0142cie prostok\u0105ta, na kt\u00f3rym zamocowany jest korpus urz\u0105dzenia z lejem zasypowym oraz silnik nap\u0119dzaj\u0105cy poprzez przek\u0142adni\u0119 pasow\u0105 wirnik ko\u015bciarki.<\/p>\n\n\n\n<p>Przek\u0142adnia pasowa posiada regulacj\u0119 naci\u0105gu i jest zabezpieczona os\u0142on\u0105.<\/p>\n\n\n\n<p>W korpusie u\u0142o\u017cyskowany jest wa\u0142, na kt\u00f3rym osadzony jest wirnik w postaci zaostrzonych z\u0119b\u00f3w.<\/p>\n\n\n\n<p>Na korpusie m\u0142yna od wewn\u0105trz osadzone na sta\u0142e s\u0105 dwa no\u017ce z z\u0119bami w kszta\u0142cie grzebienia. Kruszenie i ci\u0119cie ko\u015bci nast\u0119puje mi\u0119dzy wiruj\u0105cymi na wirniku z\u0119bami, a no\u017cami z z\u0119bami osadzonymi na sta\u0142e w korpusie ko\u015bciarki.<\/p>\n\n\n\n<p>W dolnej cz\u0119\u015bci ko\u015bciarki znajduje si\u0119 lej zasypowy dla odbioru rozdrobnionych ko\u015bci, pod kt\u00f3ry nale\u017cy ustawi\u0107 odpowiedni pojemnik.<\/p>\n\n\n\n<p>Po podstawieniu pod lej zasypowy w\/w pojemnika, w\u0142\u0105czy\u0107 silnik nap\u0119dowy.<\/p>\n\n\n\n<p>Silnik zabezpieczony jest wy\u0142\u0105cznikiem termicznym wbudowanym we w\u0142\u0105czniku.<\/p>\n\n\n\n<p>Przygotowanie do rozdrobnienia ko\u015bci nale\u017cy wk\u0142ada\u0107 do leja zasypowego jedna po drugiej.<\/p>\n\n\n\n<p><strong>PARAMETRY TECHNICZNE<\/strong><\/p>\n\n\n\n<figure class=\"wp-block-table\"><table><tbody><tr><td>Wydajnosc [kg\/h]<\/td><td>Wysokosc [mm]<\/td><td>Szerokosc [mm]<\/td><td>Dlugosc [mm]<\/td><td>Silnik (400V) [kW]<\/td><\/tr><tr><td>100<\/td><td>1200<\/td><td>700<\/td><td>700<\/td><td>7,5<\/td><\/tr><\/tbody><\/table><\/figure>\n","protected":false},"excerpt":{"rendered":"<p>Ko\u015bciarka sk\u0142ada si\u0119 ze sto\u0142u w kszta\u0142cie prostok\u0105ta, na kt\u00f3rym zamocowany jest korpus urz\u0105dzenia z lejem zasypowym oraz silnik nap\u0119dzaj\u0105cy poprzez przek\u0142adni\u0119 pasow\u0105 wirnik ko\u015bciarki.<\/p>\n","protected":false},"author":1,"featured_media":0,"parent":25,"menu_order":12,"comment_status":"closed","ping_status":"closed","template":"","meta":{"footnotes":""},"class_list":["post-122","page","type-page","status-publish","hentry"],"_links":{"self":[{"href":"http:\/\/mlynpol.pl\/index.php\/wp-json\/wp\/v2\/pages\/122","targetHints":{"allow":["GET"]}}],"collection":[{"href":"http:\/\/mlynpol.pl\/index.php\/wp-json\/wp\/v2\/pages"}],"about":[{"href":"http:\/\/mlynpol.pl\/index.php\/wp-json\/wp\/v2\/types\/page"}],"author":[{"embeddable":true,"href":"http:\/\/mlynpol.pl\/index.php\/wp-json\/wp\/v2\/users\/1"}],"replies":[{"embeddable":true,"href":"http:\/\/mlynpol.pl\/index.php\/wp-json\/wp\/v2\/comments?post=122"}],"version-history":[{"count":2,"href":"http:\/\/mlynpol.pl\/index.php\/wp-json\/wp\/v2\/pages\/122\/revisions"}],"predecessor-version":[{"id":125,"href":"http:\/\/mlynpol.pl\/index.php\/wp-json\/wp\/v2\/pages\/122\/revisions\/125"}],"up":[{"embeddable":true,"href":"http:\/\/mlynpol.pl\/index.php\/wp-json\/wp\/v2\/pages\/25"}],"wp:attachment":[{"href":"http:\/\/mlynpol.pl\/index.php\/wp-json\/wp\/v2\/media?parent=122"}],"curies":[{"name":"wp","href":"https:\/\/api.w.org\/{rel}","templated":true}]}}